{"id":38,"date":"2012-06-01T18:33:00","date_gmt":"2012-06-01T18:33:00","guid":{"rendered":"http:\/\/besenyod.hu\/?page_id=38"},"modified":"2013-04-23T09:56:08","modified_gmt":"2013-04-23T09:56:08","slug":"esemenyek","status":"publish","type":"page","link":"http:\/\/besenyod.hu\/?page_id=38","title":{"rendered":"Esem\u00e9nyek"},"content":{"rendered":"<p><a title=\"Ker\u00e9p\u00e1r\u00fat avat\u00e1s\" href=\"http:\/\/besenyod.hu\/?page_id=196\">Ker\u00e9kp\u00e1rutat avattak.<\/a><br \/>\n<a title=\"A Beseny\u0151di Reform\u00e1tus Templom fel\u00faj\u00edt\u00e1sa 2012.\" href=\"http:\/\/besenyod.hu\/?page_id=294\">A Beseny\u0151di Reform\u00e1tus Templom fel\u00faj\u00edt\u00e1sa 2012.<\/a><br \/>\n<a title=\"Par\u00f3 J\u00e1nosn\u00e9 90. Sz\u00fclet\u00e9snapja\" href=\"http:\/\/besenyod.hu\/?page_id=392\">Beseny\u0151d legid\u0151sebb lakosa Par\u00f3 J\u00e1nosn\u00e9 (Erzsike n\u00e9ni) Sz\u00fclet\u00e9snapja.<\/a><\/p>\n<p>&nbsp;<\/p>\n","protected":false},"excerpt":{"rendered":"<p>Ker\u00e9kp\u00e1rutat avattak. A Beseny\u0151di Reform\u00e1tus Templom fel\u00faj\u00edt\u00e1sa 2012. Beseny\u0151d legid\u0151sebb lakosa Par\u00f3 J\u00e1nosn\u00e9 (Erzsike n\u00e9ni) Sz\u00fclet\u00e9snapja. &nbsp;<\/p>\n","protected":false},"author":1,"featured_media":0,"parent":0,"menu_order":3,"comment_status":"open","ping_status":"open","template":"","meta":{"ngg_post_thumbnail":0},"_links":{"self":[{"href":"http:\/\/besenyod.hu\/index.php?rest_route=\/wp\/v2\/pages\/38"}],"collection":[{"href":"http:\/\/besenyod.hu\/index.php?rest_route=\/wp\/v2\/pages"}],"about":[{"href":"http:\/\/besenyod.hu\/index.php?rest_route=\/wp\/v2\/types\/page"}],"author":[{"embeddable":true,"href":"http:\/\/besenyod.hu\/index.php?rest_route=\/wp\/v2\/users\/1"}],"replies":[{"embeddable":true,"href":"http:\/\/besenyod.hu\/index.php?rest_route=%2Fwp%2Fv2%2Fcomments&post=38"}],"version-history":[{"count":13,"href":"http:\/\/besenyod.hu\/index.php?rest_route=\/wp\/v2\/pages\/38\/revisions"}],"predecessor-version":[{"id":812,"href":"http:\/\/besenyod.hu\/index.php?rest_route=\/wp\/v2\/pages\/38\/revisions\/812"}],"wp:attachment":[{"href":"http:\/\/besenyod.hu\/index.php?rest_route=%2Fwp%2Fv2%2Fmedia&parent=38"}],"curies":[{"name":"wp","href":"https:\/\/api.w.org\/{rel}","templated":true}]}}