{"id":2,"date":"2012-05-15T09:20:33","date_gmt":"2012-05-15T09:20:33","guid":{"rendered":"http:\/\/besenyod.hu\/?page_id=2"},"modified":"2021-01-07T13:12:55","modified_gmt":"2021-01-07T13:12:55","slug":"ez-egy-minta-oldal","status":"publish","type":"page","link":"http:\/\/besenyod.hu\/?page_id=2","title":{"rendered":"Beseny\u0151d CN\u00d6"},"content":{"rendered":"<p style=\"text-align: center;\">Beseny\u0151d Cig\u00e1ny Nemzetis\u00e9gi<\/p>\n<p style=\"text-align: center;\">\u00d6nkorm\u00e1nyzat az al\u00e1bbi linken \u00e9rhetik el.<\/p>\n<p style=\"text-align: center;\">Amennyiben szeretn\u00e9 megtekinteni a honlapot, akkor k\u00e9rem, hogy kattintson r\u00e1 az al\u00e1bbi linkre.<\/p>\n<p style=\"text-align: center;\"><a href=\"http:\/\/orgovanjanos.hupont.hu\/\">http:\/\/orgovanjanos.hupont.hu\/<\/a><\/p>\n","protected":false},"excerpt":{"rendered":"<p>Beseny\u0151d Cig\u00e1ny Nemzetis\u00e9gi \u00d6nkorm\u00e1nyzat az al\u00e1bbi linken \u00e9rhetik el. Amennyiben szeretn\u00e9 megtekinteni a honlapot, akkor k\u00e9rem, hogy kattintson r\u00e1 az al\u00e1bbi linkre. http:\/\/orgovanjanos.hupont.hu\/<\/p>\n","protected":false},"author":1,"featured_media":0,"parent":0,"menu_order":5,"comment_status":"open","ping_status":"closed","template":"","meta":{"ngg_post_thumbnail":0},"_links":{"self":[{"href":"http:\/\/besenyod.hu\/index.php?rest_route=\/wp\/v2\/pages\/2"}],"collection":[{"href":"http:\/\/besenyod.hu\/index.php?rest_route=\/wp\/v2\/pages"}],"about":[{"href":"http:\/\/besenyod.hu\/index.php?rest_route=\/wp\/v2\/types\/page"}],"author":[{"embeddable":true,"href":"http:\/\/besenyod.hu\/index.php?rest_route=\/wp\/v2\/users\/1"}],"replies":[{"embeddable":true,"href":"http:\/\/besenyod.hu\/index.php?rest_route=%2Fwp%2Fv2%2Fcomments&post=2"}],"version-history":[{"count":18,"href":"http:\/\/besenyod.hu\/index.php?rest_route=\/wp\/v2\/pages\/2\/revisions"}],"predecessor-version":[{"id":752,"href":"http:\/\/besenyod.hu\/index.php?rest_route=\/wp\/v2\/pages\/2\/revisions\/752"}],"wp:attachment":[{"href":"http:\/\/besenyod.hu\/index.php?rest_route=%2Fwp%2Fv2%2Fmedia&parent=2"}],"curies":[{"name":"wp","href":"https:\/\/api.w.org\/{rel}","templated":true}]}}