{"id":1126,"date":"2022-10-03T08:30:46","date_gmt":"2022-10-03T08:30:46","guid":{"rendered":"http:\/\/besenyod.hu\/?page_id=1126"},"modified":"2022-10-03T08:32:10","modified_gmt":"2022-10-03T08:32:10","slug":"bursa-osztondijpalyazat-2022-evre","status":"publish","type":"page","link":"http:\/\/besenyod.hu\/?page_id=1126","title":{"rendered":"Bursa \u00d6szt\u00f6nd\u00edjp\u00e1ly\u00e1zat &#8211; 2022 \u00e9vre."},"content":{"rendered":"\n<figure class=\"wp-block-image size-large\"><a href=\"http:\/\/besenyod.hu\/wp-content\/uploads\/2022\/10\/BURSA-Osztondijpalyazat-2022-evre-scaled.jpg\"><img decoding=\"async\" loading=\"lazy\" width=\"739\" height=\"1024\" src=\"http:\/\/besenyod.hu\/wp-content\/uploads\/2022\/10\/BURSA-Osztondijpalyazat-2022-evre-739x1024.jpg\" alt=\"\" class=\"wp-image-1127\" srcset=\"http:\/\/besenyod.hu\/wp-content\/uploads\/2022\/10\/BURSA-Osztondijpalyazat-2022-evre-739x1024.jpg 739w, http:\/\/besenyod.hu\/wp-content\/uploads\/2022\/10\/BURSA-Osztondijpalyazat-2022-evre-216x300.jpg 216w, http:\/\/besenyod.hu\/wp-content\/uploads\/2022\/10\/BURSA-Osztondijpalyazat-2022-evre-768x1065.jpg 768w, http:\/\/besenyod.hu\/wp-content\/uploads\/2022\/10\/BURSA-Osztondijpalyazat-2022-evre-1108x1536.jpg 1108w, http:\/\/besenyod.hu\/wp-content\/uploads\/2022\/10\/BURSA-Osztondijpalyazat-2022-evre-1478x2048.jpg 1478w, http:\/\/besenyod.hu\/wp-content\/uploads\/2022\/10\/BURSA-Osztondijpalyazat-2022-evre-scaled.jpg 1847w\" sizes=\"(max-width: 739px) 100vw, 739px\" \/><\/a><\/figure>\n","protected":false},"excerpt":{"rendered":"","protected":false},"author":1,"featured_media":0,"parent":9,"menu_order":0,"comment_status":"closed","ping_status":"closed","template":"","meta":{"ngg_post_thumbnail":0},"_links":{"self":[{"href":"http:\/\/besenyod.hu\/index.php?rest_route=\/wp\/v2\/pages\/1126"}],"collection":[{"href":"http:\/\/besenyod.hu\/index.php?rest_route=\/wp\/v2\/pages"}],"about":[{"href":"http:\/\/besenyod.hu\/index.php?rest_route=\/wp\/v2\/types\/page"}],"author":[{"embeddable":true,"href":"http:\/\/besenyod.hu\/index.php?rest_route=\/wp\/v2\/users\/1"}],"replies":[{"embeddable":true,"href":"http:\/\/besenyod.hu\/index.php?rest_route=%2Fwp%2Fv2%2Fcomments&post=1126"}],"version-history":[{"count":1,"href":"http:\/\/besenyod.hu\/index.php?rest_route=\/wp\/v2\/pages\/1126\/revisions"}],"predecessor-version":[{"id":1128,"href":"http:\/\/besenyod.hu\/index.php?rest_route=\/wp\/v2\/pages\/1126\/revisions\/1128"}],"up":[{"embeddable":true,"href":"http:\/\/besenyod.hu\/index.php?rest_route=\/wp\/v2\/pages\/9"}],"wp:attachment":[{"href":"http:\/\/besenyod.hu\/index.php?rest_route=%2Fwp%2Fv2%2Fmedia&parent=1126"}],"curies":[{"name":"wp","href":"https:\/\/api.w.org\/{rel}","templated":true}]}}